6. What is the thousands digit of i(-2)?
2
What is the units digit of 18/36 + (-3519)/(-6)?
7
Suppose u - 8 = g, -4*g + 13 = 5*u - 0. What is the hundreds digit of 235 - 24/18*g?
2
Let s(v) = v**2 - v + 1159. Let q be s(0). Suppose -4*i = 20, 4*b + i - q = -0*b. What is the tens digit of b?
9
Suppose -36*r = -34*r - 1660. What is the hundreds digit of r?
8
Let w be 22/(-6) - (-17)/(-51). What is the tens digit of 67 + 1 + w - 3?
6
Suppose 3*l = 4*u - 19 + 8, 0 = -2*l + 4*u - 14. Suppose l*n - 21 - 24 = -3*p, 4*n = -4. What is the units digit of p?
6
Let j = 1052 + -534. What is the hundreds digit of j?
5
Suppose -840*x + 4086 = -837*x. What is the hundreds digit of x?
3
Suppose -58*f + 59*f = 1989. What is the thousands digit of f?
1
Let d = 1961 + -481. What is the tens digit of d?
8
Let d = 4 + -1. Suppose 0 = -f + d - 0. Suppose 5*i - h = 87, -5 = f*h + 1. What is the tens digit of i?
1
Let p(g) = -4*g + 3. Let a(x) = -x + 1. Let t(q) = -q**2 - 4*q + 4. Let w be t(-5). Let h(j) = w*p(j) + a(j). What is the units digit of h(8)?
2
Let q = -874 - -1195. What is the units digit of q?
1
Suppose -8*l + 394 = -3134. What is the hundreds digit of l?
4
Let s(g) = -g**2 - 10*g - 5. Suppose 0 = -2*t - 5 - 9. What is the tens digit of s(t)?
1
Let n(j) = -3*j**3 - 3*j**2 - 2*j - 4. Suppose 6*k - 3 = 7*k. What is the tens digit of n(k)?
5
Suppose -24*o + 13930 = 658. What is the units digit of o?
3
Suppose -1736*a + 1743*a = 14994. What is the thousands digit of a?
2
Let d(z) = -z**2 + 12*z - 18. Let c be d(11). What is the units digit of (-4)/c + (-1883)/(-49)?
9
Let g(o) = -o**2 - 30*o + 95. What is the tens digit of g(-29)?
2
Let i(x) = 2*x**3 - 7*x**2 + 7*x + 3. Let b be 18/15*7/((-63)/(-30)). What is the units digit of i(b)?
7
Suppose -4*m - 4*j - 4 = 0, -3*m + 2 = -8*m - 4*j. Suppose 2*o - 26 = -5*s, 21 = 2*o + m*s - 11. What is the units digit of o?
8
Suppose -3*p - p + 16 = 0. Suppose -2*k - p*s - 32 = 0, 13 = 2*k - 7*s + 2*s. What is the tens digit of 21/k*(-18)/3?
2
Suppose -63 = 4*t - 5*m - 1670, 2*t - m = 805. Let u = t + -152. What is the tens digit of u?
5
Suppose -8*k + 25 = -895. What is the units digit of k?
5
Let r(x) = x + 22. Let z be -1 - -7*(-2 + 0). What is the units digit of r(z)?
7
Let n(z) be the second derivative of -z**5/10 + 4*z**4/3 - 2*z**3/3 - 19*z**2/2 + 12*z. What is the units digit of n(6)?
1
Let m(k) = k**2 - 3*k + 2. Let n be m(0). Suppose -n*i = i - 267. What is the tens digit of i?
8
Let c(l) = 43*l - l**2 - 48*l + 2*l**2 + 14. What is the tens digit of c(-5)?
6
Suppose 0 = 3*g - 2*g + 8. Let m be (-218)/8 - g/32. Let r = m + 38. What is the units digit of r?
1
Let a = 109 - -230. Suppose -4*b = 105 + a. What is the units digit of 1/(2 + 219/b)?
7
Let f = -52 - -50. What is the tens digit of 196*(-4)/(-48)*(f - -11)?
4
What is the tens digit of (195/40)/(-13) + 15798/16?
8
Suppose -4*h - 772 = -3*b, 368 = -2*h - 0*b - 3*b. Let a = 316 + h. What is the hundreds digit of a?
1
Suppose 0 = 15*d - 2199 - 321. What is the tens digit of d?
6
Suppose -5*z + z + 12 = 0, -4*z = 5*u - 82. Let w = u + 35. What is the tens digit of w?
4
Let h(s) = 110*s**3 - s**2 - 2*s + 3. Let g(r) = -r**3 + 3*r**2 - 3. Let k be g(2). What is the hundreds digit of h(k)?
1
Let d(o) be the first derivative of 3*o**2/2 - 2*o + 1. Let c = -208 + 209. What is the units digit of d(c)?
1
Let l = 16 + -11. Suppose 0 = l*r - 37 - 243. Let v = 78 - r. What is the units digit of v?
2
What is the units digit of 5 + 0 - ((0 - 593) + 2)?
6
Let x = 2 - 1. Let p(l) = 4*l - 3. Let q be p(x). What is the units digit of (-1*q)/(14/(-126))?
9
Let t(j) = j + 18. Suppose 0*h - 57 = 3*h - 3*o, -h + 3*o = 29. Let w be t(h). Suppose 3*i = -2*z - 1 + 57, 0 = 2*i + w. What is the tens digit of z?
3
Suppose 5*m - 302 = -w, -3*m + 3*w + 178 = 2*w. Suppose t + 4*t = -m. What is the tens digit of 5/((t/3)/(-12))?
1
Suppose -g + 0*g = -6. Suppose b = g*b - 275. What is the tens digit of b?
5
Let z be 2/(-2) - 5 - -3. Let b be (3/(-2) - z)*2. Suppose 3*g + 0*g = -2*u + 102, -b*u - g = -153. What is the tens digit of u?
5
Let z = -48 + -1. What is the units digit of (-2 + 4)*z/(-1)?
8
Let m = -2764 - -3889. What is the hundreds digit of m?
1
Let p = 4 + -4. Suppose -3*r - 3*r + 360 = p. Suppose -a - r = -4*a. What is the units digit of a?
0
Let s(z) = z**2 + 7*z - 3. Let k be s(-8). Suppose -4*u = -2*a + 16, k*u = 5*a + u - 16. Suppose 2*h - 20 = -a*h. What is the units digit of h?
0
Let t be 52/14 - (-4)/14. Suppose 5*a + 5 = 4*b - 9*b, -28 = -t*a + 4*b. What is the units digit of 4*((-45)/(-12) - a)?
3
What is the hundreds digit of 25*(-4)/(-20) + 348?
3
Suppose -17*d + 16*d = -54. Let j = 59 + d. What is the units digit of j?
3
What is the units digit of (-786)/(-10)*390/26?
9
Let g(d) = 2*d**3 + 9*d**2 + 86*d + 3. What is the units digit of g(11)?
0
Suppose -56*i + 20 = -52*i. Suppose -2*s - 1280 = -i*v + 2*s, -v + s = -255. What is the units digit of v?
0
Let r(s) = s + 10. Let p(l) = -2*l - 20. Let y(d) = 6*p(d) + 11*r(d). Let m be y(-10). Suppose -5*v + v + 8 = m. What is the units digit of v?
2
Let k = 1024 - 956. What is the units digit of k?
8
Suppose 0 = -0*s + 2*s - 6. Let f(p) = 2*p**2 + 10*p + 3. Let b be f(-5). Suppose s*l = -b*u - 9, 0 = -2*u - l - 0 - 1. What is the units digit of u?
2
What is the hundreds digit of (325/(-50))/((-1)/314)?
0
Let l(h) = h**2 + 6*h + 12. Let f be l(-3). What is the hundreds digit of f + (26/(-4))/(3/(-78))?
1
Suppose 5*o = 3*l + 762, 5*l + 26 = -3*o + 456. What is the hundreds digit of (348/(-10))/((-45)/o)?
1
Let r = -573 + 1364. What is the units digit of r?
1
Let m be 4*-1 - 4/(-2). What is the tens digit of m/((-6)/9) + (33 - -1)?
3
Let y be (1 - 23)/(4/(-8)). Suppose -2*m - y = -2*z - 6*m, 5*z - 88 = m. What is the tens digit of z?
1
Suppose -4*c - 6 = -18. Let x be 3/(2*c/6). What is the units digit of x - -1*(-1 + -1)?
1
Let h(g) = g**3 + 11*g**2 - 3*g + 9. What is the units digit of h(-11)?
2
Suppose 3*u = 1 + 8. Suppose 7*t = u*t + 8. Suppose 5*i + 2 = 3*p, -t = 2*p + i - 5*i. What is the units digit of p?
9
Let v(l) = -l**3 - 13*l**2 - 13*l - 17. Let q be v(-12). What is the hundreds digit of 2/((-8)/(-412)) - q?
1
Suppose 7*z - 169 - 1987 = 0. Suppose l + l = z. What is the hundreds digit of l?
1
Let j(g) = -g**2 - 12*g + 7. Let y be j(-15). Let m = 85 + y. Suppose 2*s - s = m. What is the tens digit of s?
4
Let b(u) = u**3 - 19*u**2 - 23*u + 60. Let m be b(20). Suppose m*x = -5*h + x + 1312, 8 = -4*x. What is the units digit of h?
2
Let y = 8748 + -5450. What is the thousands digit of y?
3
Let a = -223 - -416. What is the hundreds digit of a?
1
Suppose 0 = -2*p + 5*l + 289, 2*l - 7*l + 740 = 5*p. What is the hundreds digit of p?
1
Suppose -6556 = -30*j + 16394. What is the hundreds digit of j?
7
Suppose -2*l - n = 2*n - 608, l = -2*n + 302. Suppose 3*y - y + 2*c - l = 0, 0 = 2*y - 4*c - 286. What is the units digit of y?
1
Let j(z) = 12*z**2 + 27*z - 9. What is the tens digit of j(8)?
7
Suppose 532 = -16*o + 8836. What is the units digit of o?
9
Let w(b) = b**2 - 4*b. Let v be w(12). What is the units digit of (v/30)/((-8)/(-20))?
8
Let s(v) = v**3 - v**2 + 1. Let n be s(2). Suppose n*k = k + 68. What is the units digit of k?
7
Suppose 4*l = -3*t - 7, 7 = 4*l - 7*l - 4*t. Let z(g) = -32*g**3 + g**2 - 31*g**3 + 17*g**3 - 24*g**3. What is the units digit of z(l)?
1
Let i(g) = -g**2 - 3*g + 1. Let x be i(-2). Let m be (1 - 6/x) + 4. Suppose n - 36 = z, 4*n - 3*n + m*z = 16. What is the units digit of n?
1
Let z be (-6)/(-2) - (1 + -3). Suppose -10 = -z*r + 10*r. What is the units digit of (-11)/r - (-3)/2?
7
Suppose -3*s + 21 = -39. Let z = s - 18. Suppose 78 = -0*y + z*y. What is the tens digit of y?
3
Let s be 10*5*(-64)/(-80). Suppose -s = -x + 4*k, 6*x - 5*x - 42 = 3*k. What is the tens digit of x?
4
Suppose 0 = -s - 0*j + 3*j + 159, 3*s - j = 453. Suppose 0 = -3*q - 3*v + 111, 5*q + 2*v = q + s. What is the units digit of ((-9)/6 + 2)*q?
9
Let u = -20 - -32. Suppose -5*a - 3*o = 32, 0*a + 2*a = -o - u. What is the tens digit of -6 - a - (-15 + -2)?
1
Suppose -4*q = -3*q - 4*u - 2, 2*q - 2*u - 4 = 0. Suppose -8 = h - 27. Suppose 0 = q*o - h - 1. What is the units digit of o?
0
Suppose 5*k = 9*k - 568. What is the